-1 - 0)*4/(-4)). Let d be 18 - (-3*y/12 - -5). What is the highest common divisor of d and 126?
14
Suppose 90*a - 61*a - 74*a = -32400. Calculate the highest common divisor of 45 and a.
45
Suppose -6*u = 11*u - 531 - 132. Let k(f) = -11*f**3 - 3*f**2 - f. Let q be k(-3). Calculate the highest common divisor of u and q.
39
Let n(x) = x**3 - 2*x**2 - x + 3. Let g be n(4). Suppose -g*r + 38*r = 623. Calculate the highest common factor of r and 712.
89
Suppose -3*s + 6 = 24. Let n(p) = p + 7. Let o be n(s). Let c(y) = 5*y**2 + 22*y - 4. Let k be c(-5). What is the highest common factor of o and k?
1
Suppose 263804 - 258484 = 28*i. Suppose -5*l = 2*s - 3*s - 99, 2 = 2*s. What is the greatest common divisor of i and l?
10
Let g = -551 + 553. Suppose 5*o + 180 = 7*o + 5*h, g*o + h - 164 = 0. What is the highest common divisor of o and 170?
10
Let g(c) = -2*c**2 + 90*c - 97. Let f be g(43). Let j(m) = 32*m + 4. Let r be j(3). Calculate the greatest common divisor of r and f.
25
Let p(s) = -33*s**3 + s**2 + s + 1. Let k be p(-1). Let q be (6/(-4))/((-984)/78064). What is the greatest common divisor of q and k?
17
Let t(k) = 2*k**2 - 26*k - 46. Suppose -2*g = 5*q - 86, 0*q - g = -q + 13. Let d be t(q). Let f = -2 + 27. Calculate the highest common divisor of f and d.
25
Let i be 54*(-8)/(-304)*19. What is the greatest common divisor of 423 and i?
9
Let x(a) = 10*a**2 + 147*a + 2456. Let l be x(-17). Calculate the greatest common factor of l and 4161.
219
Let c(p) = -3*p - 8. Let d be c(-4). Suppose 4*g + d*w = -12, 5*g + 6*w - 4*w = 0. Suppose g*h = 5*h - 78. What is the highest common divisor of 13 and h?
13
Let k = 1472 + -1462. Let v(o) = 3*o**2 - 30*o + 42. Let s be v(16). Calculate the highest common divisor of k and s.
10
Suppose 4*v = 3*c + 616, -v = 3*c - 5*c - 159. Let o = 220 - v. Calculate the highest common factor of o and 115.
23
Suppose -11*j = -4*j - 7. Let u be (j/(-2))/((-33)/6930). Calculate the greatest common divisor of 60 and u.
15
Suppose -198*y = -208*y + 2160. Let q(j) = 2*j**3 - 7*j**2 + 5*j - 12. Let l be q(4). What is the greatest common divisor of l and y?
24
Let p(s) = -s**2 + 9*s. Let x be p(10). Let o be (36/x*-1)/(6/15). Suppose 10*c - o*c - 180 = 0. What is the highest common factor of 20 and c?
20
Suppose 0 = 74*d - 85*d + 308. Suppose 4*f + 4*t - 848 = 0, -6*f = -11*f + 5*t + 1040. What is the greatest common divisor of f and d?
14
Suppose y + 1 = 5. Suppose 2*n + 0*w - 4*w = 148, 5*n - y*w = 358. Suppose -1371*k + 1358*k + 364 = 0. What is the highest common divisor of n and k?
14
Let w = -112 - -119. Suppose 121 = -w*x - 26. Let q be (-678)/x - 10/35. What is the greatest common factor of q and 352?
32
Suppose 0 = 495*g - 315*g. Suppose 3*j + 15 = 8*j. Suppose 0 = -g*q - j*q + 156. What is the greatest common divisor of 13 and q?
13
Let p(r) = 77*r - 76*r + 9 - 1. Let x be p(-4). Let i(q) = -q**3 + 6*q**2 - 3*q - 7. Let f be i(x). Calculate the highest common factor of f and 143.
13
Let t = 627 + -423. Let f = -154 - -171. Calculate the highest common divisor of f and t.
17
Let j be (512/(-14) - (988/(-91))/19)*-21. What is the greatest common divisor of j and 56?
28
Let q(s) = 14*s**2 + 10*s - 9. Let i be q(3). Let j = i - 143. What is the greatest common factor of 76 and j?
4
Let b(h) = 9*h - 3. Let p(f) = -8*f + 3. Let l(i) = 4*b(i) + 5*p(i). Let s be l(-6). Let t = -85 - -112. What is the greatest common divisor of t and s?
27
Suppose -7*h + 13*h = 0. Suppose -2*a = -0*a + 5*i - 16, -2*a - i + 16 = h. Calculate the highest common divisor of a and 52.
4
Suppose 5 + 4 = 4*a - c, -a = -c - 3. Suppose 0 = r + 2*n - 1, -5*r - n + a*n = -27. Let l be 3*(r - (-4)/12). What is the greatest common divisor of l and 64?
16
Suppose -y = 4*m - 219, -15*y - m - 657 = -18*y. Let q(h) = 16*h + 2. Let l be q(9). What is the greatest common divisor of l and y?
73
Let l(w) be the first derivative of 7*w**2/2 + 41*w - 18. Let m be l(-18). Let g = m - -91. What is the greatest common factor of g and 15?
3
Suppose 12*p + 4 = 8*p. Let o be 1 + (81 - 0) + p. Let l be ((-9)/4)/(1/(-4)). What is the greatest common factor of o and l?
9
Let s be (-9244)/(-66) - (12 + (-394)/33). Calculate the highest common divisor of 168 and s.
28
Let s be 80/35 + 4/(-14). Suppose s*r - 7 = -1. Let x(i) = 65*i - 7401. Let j be x(114). Calculate the greatest common divisor of j and r.
3
Suppose -59*p = -49*p - 100. Suppose p*f + 48 = 18*f. What is the greatest common divisor of 54 and f?
6
Let z(y) = 3*y**3 - 102*y**2 + 409*y + 4. Let p be z(4). What is the greatest common factor of 3340 and p?
20
Suppose 0 = b + 4*y - 74, 22*b - 19*b - 2*y = 236. Calculate the highest common divisor of 25584 and b.
78
Suppose 0 = 8*t + 21*t + 3*t - 896. Calculate the greatest common divisor of 5894 and t.
14
Suppose 4*l - 2*f + 4*f = 50, 5*l = 2*f + 85. Calculate the greatest common factor of 330 and l.
15
Suppose 0 = -22*r - 98*r + 228480. Calculate the greatest common factor of r and 119.
119
Suppose -5*g - 59*a = -54*a - 2505, 4*g = 3*a + 2025. What is the highest common factor of 196 and g?
28
Let x = 4620 - 4616. What is the highest common factor of 3716 and x?
4
Let b = 3069 + -2736. What is the greatest common divisor of 36 and b?
9
Let t(w) = -w**2 + 6*w + 2. Let x be t(4). Suppose 0 = -7*y - y + 4*y. Suppose y = -16*g + 11*g + 100. What is the greatest common factor of g and x?
10
Let g(u) = -u**3 - u**2 - 22*u - 45. Let c be g(-3). Suppose -l + 0*l = -390. What is the highest common factor of c and l?
39
Suppose 5*j - 592 = -2*w, w - 236 = -280*j + 278*j. Let k be 30/4*(13 + -11). Calculate the greatest common divisor of k and j.
15
Let v = 2577 + 347. Calculate the highest common divisor of v and 136.
68
Suppose 78*m = 75*m + 54. Let l be (4/((-16)/(-9)))/(m/192). What is the highest common divisor of 36 and l?
12
Let p(i) = i + 7. Let s be -8 - (0 - (-1 + 3)). Let z be p(s). Let t = -2432 + 2436. Calculate the highest common factor of z and t.
1
Let u(x) = 2*x**2 + 7*x - 10. Let m be u(-4). Let k be m/9 + 18480/72. Calculate the greatest common factor of k and 32.
32
Let i(s) = -17*s + 195. Let a be i(10). Let k be -30*(4 + (-205)/a). What is the highest common divisor of 14 and k?
14
Suppose 7*c = 46 - 4. Let z be c/(-4)*22*(-10)/3. Let t be (-2)/9 - 92/(-9). What is the highest common factor of t and z?
10
Let t = 206 + -203. Suppose 0 = l + 3*l + 20, l + 23 = t*z. What is the highest common factor of 12 and z?
6
Let b(h) be the first derivative of -h**4/4 + 4*h**3/3 + 11*h**2/2 + 5*h + 21. Let y be b(-5). Calculate the greatest common factor of y and 105.
35
Let i = -33003 + 33131. Calculate the greatest common factor of 6416 and i.
16
Let n(b) = -7*b**2 + 5 - 2*b - 65*b**3 + 67*b**3 - 2*b. Let c be n(4). Suppose -c*o + 208 = -282. Calculate the greatest common divisor of o and 7.
7
Suppose 11*s + 1775 = 6*s + 76*s. Let q(l) = -l**3 + 7*l**2 + 9*l + 16. Let m be q(8). Let v be 1/(-8) - (-603)/m. What is the highest common factor of s and v?
25
Let t be (12/(-45))/(-2) + (-134358)/(-90). Let d = t + -964. Calculate the greatest common factor of 23 and d.
23
Suppose u = 3*o - 280, -3*o + 59 = u - 225. What is the greatest common factor of o and 1927?
47
Suppose -w + 2 - 21 = a, 0 = 5*w - 3*a + 103. Let q = -20 - w. Suppose q = 6*v - 19*v + 364. Calculate the greatest common factor of 4 and v.
4
Suppose -60*k + 3624702 = 179022. Calculate the greatest common factor of k and 28.
28
Suppose 20 = 3*h + 2*h, 0 = -3*s - h + 118. Suppose w = s + 37. Calculate the greatest common divisor of w and 25.
25
Let q = 205 - 175. Let o be (5/20 + 2/8)*8. Let d be ((-20)/(-7))/(o/14). Calculate the greatest common divisor of q and d.
10
Suppose 0 = -2*p - 2*i + 88, -5*p + 0*i + 216 = 3*i. Let f be (20/(-18)*948/(-395))/((-3)/(-54)). What is the greatest common divisor of f and p?
6
Suppose 1640 + 4053 = 18*h - 1219. Calculate the greatest common factor of h and 120.
24
Let c(v) = -v**3 - 57*v**2 - 248*v - 722. Let d be c(-54). What is the greatest common divisor of 742 and d?
106
Let x(l) = 6*l**2 + 15*l + 4. Let f be x(-6). Calculate the highest common factor of 9685 and f.
65
Let x = 2037 + -1969. Calculate the highest common divisor of 8500 and x.
68
Let a(i) = i**2 -